{"id":72,"date":"2025-05-24T18:28:17","date_gmt":"2025-05-24T16:28:17","guid":{"rendered":"https:\/\/www.klaudiaesgyuszieskuvoje.hu\/?page_id=72"},"modified":"2025-05-26T07:45:10","modified_gmt":"2025-05-26T05:45:10","slug":"ceremonia-2","status":"publish","type":"page","link":"https:\/\/www.klaudiaesgyuszieskuvoje.hu\/index.php\/ceremonia-2\/","title":{"rendered":"Helysz\u00edn, programok"},"content":{"rendered":"\n<div class=\"wp-block-group alignfull has-global-padding is-layout-constrained wp-container-core-group-is-layout-0c9c989a wp-block-group-is-layout-constrained\" style=\"min-height:0vh;margin-top:0;margin-bottom:0;padding-top:var(--wp--preset--spacing--70);padding-right:var(--wp--preset--spacing--40);padding-bottom:var(--wp--preset--spacing--70);padding-left:var(--wp--preset--spacing--40)\">\n<div class=\"wp-block-group has-global-padding is-layout-constrained wp-container-core-group-is-layout-346627ba wp-block-group-is-layout-constrained\">\n<h2 class=\"wp-block-heading has-text-align-center has-xx-large-font-size\" style=\"margin-right:0;margin-left:0;padding-right:0;padding-left:0\">2025. augusztus 2. szombat<\/h2>\n\n\n\n<h1 class=\"wp-block-heading has-text-align-center\">Vend\u00e9gv\u00e1r\u00e1s: 16:00-t\u00f3l. <\/h1>\n\n\n\n<figure class=\"wp-block-image size-full\"><img loading=\"lazy\" decoding=\"async\" width=\"1024\" height=\"684\" src=\"https:\/\/www.klaudiaesgyuszieskuvoje.hu\/wp-content\/uploads\/2025\/05\/kastely1.png\" alt=\"\" class=\"wp-image-93\" srcset=\"https:\/\/www.klaudiaesgyuszieskuvoje.hu\/wp-content\/uploads\/2025\/05\/kastely1.png 1024w, https:\/\/www.klaudiaesgyuszieskuvoje.hu\/wp-content\/uploads\/2025\/05\/kastely1-300x200.png 300w, https:\/\/www.klaudiaesgyuszieskuvoje.hu\/wp-content\/uploads\/2025\/05\/kastely1-768x513.png 768w\" sizes=\"auto, (max-width: 1024px) 100vw, 1024px\" \/><\/figure>\n\n\n\n<h2 class=\"wp-block-heading has-text-align-center\">Alm\u00e1sy-Kast\u00e9ly, K\u00e9tp\u00f3<\/h2>\n\n\n\n<h2 class=\"wp-block-heading has-text-align-center\">5411, K\u00e9tp\u00f3, 0219\/5 hrsz. <\/h2>\n\n\n\n<figure class=\"wp-block-image aligncenter size-large is-resized\"><a href=\"https:\/\/www.google.com\/maps\/place\/Alm%C3%A1sy-Kast%C3%A9ly+K%C3%A9tp%C3%B3\/@47.1075983,20.3737692,11z\/data=!4m20!1m10!3m9!1s0x47414c6c43a1d2d5:0x8fa4bc11c2614ae2!2zQWxtw6FzeS1LYXN0w6lseSBLw6l0cMOz!5m2!4m1!1i2!8m2!3d47.0942773!4d20.4370908!16s%2Fg%2F1thclk3t!3m8!1s0x47414c6c43a1d2d5:0x8fa4bc11c2614ae2!5m2!4m1!1i2!8m2!3d47.0942773!4d20.4370908!16s%2Fg%2F1thclk3t?entry=ttu&amp;g_ep=EgoyMDI1MDUyMS4wIKXMDSoASAFQAw%3D%3D\"><img loading=\"lazy\" decoding=\"async\" width=\"1024\" height=\"723\" src=\"https:\/\/www.klaudiaesgyuszieskuvoje.hu\/wp-content\/uploads\/2025\/05\/maps-1024x723.jpg\" alt=\"\" class=\"wp-image-132\" style=\"width:457px;height:auto\" srcset=\"https:\/\/www.klaudiaesgyuszieskuvoje.hu\/wp-content\/uploads\/2025\/05\/maps-1024x723.jpg 1024w, https:\/\/www.klaudiaesgyuszieskuvoje.hu\/wp-content\/uploads\/2025\/05\/maps-300x212.jpg 300w, https:\/\/www.klaudiaesgyuszieskuvoje.hu\/wp-content\/uploads\/2025\/05\/maps-768x542.jpg 768w, https:\/\/www.klaudiaesgyuszieskuvoje.hu\/wp-content\/uploads\/2025\/05\/maps.jpg 1055w\" sizes=\"auto, (max-width: 1024px) 100vw, 1024px\" \/><\/a><\/figure>\n\n\n\n<figure class=\"wp-block-image aligncenter size-large\"><img loading=\"lazy\" decoding=\"async\" width=\"494\" height=\"1024\" src=\"https:\/\/www.klaudiaesgyuszieskuvoje.hu\/wp-content\/uploads\/2025\/05\/program-494x1024.jpg\" alt=\"\" class=\"wp-image-134\" srcset=\"https:\/\/www.klaudiaesgyuszieskuvoje.hu\/wp-content\/uploads\/2025\/05\/program-494x1024.jpg 494w, https:\/\/www.klaudiaesgyuszieskuvoje.hu\/wp-content\/uploads\/2025\/05\/program-145x300.jpg 145w, https:\/\/www.klaudiaesgyuszieskuvoje.hu\/wp-content\/uploads\/2025\/05\/program-768x1592.jpg 768w, https:\/\/www.klaudiaesgyuszieskuvoje.hu\/wp-content\/uploads\/2025\/05\/program-741x1536.jpg 741w, https:\/\/www.klaudiaesgyuszieskuvoje.hu\/wp-content\/uploads\/2025\/05\/program.jpg 988w\" sizes=\"auto, (max-width: 494px) 100vw, 494px\" \/><\/figure>\n\n\n\n<div class=\"wp-block-buttons is-content-justification-center is-layout-flex wp-container-core-buttons-is-layout-a89b3969 wp-block-buttons-is-layout-flex\"><\/div>\n<\/div>\n<\/div>\n","protected":false},"excerpt":{"rendered":"<p>2025. augusztus 2. szombat Vend\u00e9gv\u00e1r\u00e1s: 16:00-t\u00f3l. Alm\u00e1sy-Kast\u00e9ly, K\u00e9tp\u00f3 5411, K\u00e9tp\u00f3, 0219\/5 hrsz.<\/p>\n","protected":false},"author":1,"featured_media":0,"parent":0,"menu_order":0,"comment_status":"closed","ping_status":"closed","template":"","meta":{"footnotes":""},"class_list":["post-72","page","type-page","status-publish","hentry"],"_links":{"self":[{"href":"https:\/\/www.klaudiaesgyuszieskuvoje.hu\/index.php\/wp-json\/wp\/v2\/pages\/72","targetHints":{"allow":["GET"]}}],"collection":[{"href":"https:\/\/www.klaudiaesgyuszieskuvoje.hu\/index.php\/wp-json\/wp\/v2\/pages"}],"about":[{"href":"https:\/\/www.klaudiaesgyuszieskuvoje.hu\/index.php\/wp-json\/wp\/v2\/types\/page"}],"author":[{"embeddable":true,"href":"https:\/\/www.klaudiaesgyuszieskuvoje.hu\/index.php\/wp-json\/wp\/v2\/users\/1"}],"replies":[{"embeddable":true,"href":"https:\/\/www.klaudiaesgyuszieskuvoje.hu\/index.php\/wp-json\/wp\/v2\/comments?post=72"}],"version-history":[{"count":8,"href":"https:\/\/www.klaudiaesgyuszieskuvoje.hu\/index.php\/wp-json\/wp\/v2\/pages\/72\/revisions"}],"predecessor-version":[{"id":181,"href":"https:\/\/www.klaudiaesgyuszieskuvoje.hu\/index.php\/wp-json\/wp\/v2\/pages\/72\/revisions\/181"}],"wp:attachment":[{"href":"https:\/\/www.klaudiaesgyuszieskuvoje.hu\/index.php\/wp-json\/wp\/v2\/media?parent=72"}],"curies":[{"name":"wp","href":"https:\/\/api.w.org\/{rel}","templated":true}]}}

Helyszín, programok

<div class="wp-block-group alignfull has-global-padding is-layout-constrained wp-container-core-group-is-layout-0c9c989a wp-block-group-is-layout-constrained" style="min-height:0vh;margin-top:0;margin-bottom:0;padding-top:var(--wp--preset--spacing--70);padding-right:var(--wp--preset--spacing--40);padding-bottom:var(--wp--preset--spacing--70);padding-left:var(--wp--preset--spacing--40)">
<div class="wp-block-group has-global-padding is-layout-constrained wp-container-core-group-is-layout-346627ba wp-block-group-is-layout-constrained">
<h2 class="wp-block-heading has-text-align-center has-xx-large-font-size" style="margin-right:0;margin-left:0;padding-right:0;padding-left:0">2025. augusztus 2. szombat</h2>



<h1 class="wp-block-heading has-text-align-center">Vendégvárás: 16:00-tól. </h1>



<figure class="wp-block-image size-full"><img loading="lazy" decoding="async" width="1024" height="684" src="https://www.klaudiaesgyuszieskuvoje.hu/wp-content/uploads/2025/05/kastely1.png" alt="" class="wp-image-93" srcset="https://www.klaudiaesgyuszieskuvoje.hu/wp-content/uploads/2025/05/kastely1.png 1024w, https://www.klaudiaesgyuszieskuvoje.hu/wp-content/uploads/2025/05/kastely1-300x200.png 300w, https://www.klaudiaesgyuszieskuvoje.hu/wp-content/uploads/2025/05/kastely1-768x513.png 768w" sizes="auto, (max-width: 1024px) 100vw, 1024px" /></figure>



<h2 class="wp-block-heading has-text-align-center">Almásy-Kastély, Kétpó</h2>



<h2 class="wp-block-heading has-text-align-center">5411, Kétpó, 0219/5 hrsz. </h2>



<figure class="wp-block-image aligncenter size-large is-resized"><a href="https://www.google.com/maps/place/Alm%C3%A1sy-Kast%C3%A9ly+K%C3%A9tp%C3%B3/@47.1075983,20.3737692,11z/data=!4m20!1m10!3m9!1s0x47414c6c43a1d2d5:0x8fa4bc11c2614ae2!2zQWxtw6FzeS1LYXN0w6lseSBLw6l0cMOz!5m2!4m1!1i2!8m2!3d47.0942773!4d20.4370908!16s%2Fg%2F1thclk3t!3m8!1s0x47414c6c43a1d2d5:0x8fa4bc11c2614ae2!5m2!4m1!1i2!8m2!3d47.0942773!4d20.4370908!16s%2Fg%2F1thclk3t?entry=ttu&amp;g_ep=EgoyMDI1MDUyMS4wIKXMDSoASAFQAw%3D%3D"><img loading="lazy" decoding="async" width="1024" height="723" src="https://www.klaudiaesgyuszieskuvoje.hu/wp-content/uploads/2025/05/maps-1024x723.jpg" alt="" class="wp-image-132" style="width:457px;height:auto" srcset="https://www.klaudiaesgyuszieskuvoje.hu/wp-content/uploads/2025/05/maps-1024x723.jpg 1024w, https://www.klaudiaesgyuszieskuvoje.hu/wp-content/uploads/2025/05/maps-300x212.jpg 300w, https://www.klaudiaesgyuszieskuvoje.hu/wp-content/uploads/2025/05/maps-768x542.jpg 768w, https://www.klaudiaesgyuszieskuvoje.hu/wp-content/uploads/2025/05/maps.jpg 1055w" sizes="auto, (max-width: 1024px) 100vw, 1024px" /></a></figure>



<figure class="wp-block-image aligncenter size-large"><img loading="lazy" decoding="async" width="494" height="1024" src="https://www.klaudiaesgyuszieskuvoje.hu/wp-content/uploads/2025/05/program-494x1024.jpg" alt="" class="wp-image-134" srcset="https://www.klaudiaesgyuszieskuvoje.hu/wp-content/uploads/2025/05/program-494x1024.jpg 494w, https://www.klaudiaesgyuszieskuvoje.hu/wp-content/uploads/2025/05/program-145x300.jpg 145w, https://www.klaudiaesgyuszieskuvoje.hu/wp-content/uploads/2025/05/program-768x1592.jpg 768w, https://www.klaudiaesgyuszieskuvoje.hu/wp-content/uploads/2025/05/program-741x1536.jpg 741w, https://www.klaudiaesgyuszieskuvoje.hu/wp-content/uploads/2025/05/program.jpg 988w" sizes="auto, (max-width: 494px) 100vw, 494px" /></figure>



<div class="wp-block-buttons is-content-justification-center is-layout-flex wp-container-core-buttons-is-layout-a89b3969 wp-block-buttons-is-layout-flex"></div>
</div>
</div>

<p>2025. augusztus 2. szombat Vendégvárás: 16:00-tól. Almásy-Kastély, Kétpó 5411, Kétpó, 0219/5 hrsz.</p>
