{"id":82,"date":"2025-05-24T18:33:02","date_gmt":"2025-05-24T16:33:02","guid":{"rendered":"https:\/\/www.klaudiaesgyuszieskuvoje.hu\/?page_id=82"},"modified":"2025-05-25T12:18:23","modified_gmt":"2025-05-25T10:18:23","slug":"vacsora","status":"publish","type":"page","link":"https:\/\/www.klaudiaesgyuszieskuvoje.hu\/index.php\/vacsora\/","title":{"rendered":"S\u00e9fek \u00e9s men\u00fc"},"content":{"rendered":"\n<div class=\"wp-block-group alignfull is-layout-flow wp-container-core-group-is-layout-f9cb6abc wp-block-group-is-layout-flow\" style=\"margin-top:0;margin-bottom:0\">\n<p class=\"has-text-align-center\">Az \u00edzletes \u00e9s k\u00fcl\u00f6nleges vad\u00e9telek elk\u00e9sz\u00edt\u00e9s\u00e9t s\u00e9fek \u00e9s mesterszak\u00e1csok v\u00e9gzik.<\/p>\n\n\n\n<div class=\"wp-block-columns alignfull is-not-stacked-on-mobile is-layout-flex wp-container-core-columns-is-layout-e154fb6a wp-block-columns-is-layout-flex\" style=\"margin-top:0;margin-bottom:0;padding-top:var(--wp--preset--spacing--40);padding-right:var(--wp--preset--spacing--40);padding-bottom:var(--wp--preset--spacing--80);padding-left:var(--wp--preset--spacing--40)\">\n<div class=\"wp-block-column is-layout-flow wp-block-column-is-layout-flow\">\n<div class=\"wp-block-media-text is-stacked-on-mobile\" style=\"grid-template-columns:20% auto\"><figure class=\"wp-block-media-text__media\"><img loading=\"lazy\" decoding=\"async\" width=\"832\" height=\"818\" src=\"https:\/\/www.klaudiaesgyuszieskuvoje.hu\/wp-content\/uploads\/2025\/05\/kajatal.jpg\" alt=\"\" class=\"wp-image-39 size-full\" srcset=\"https:\/\/www.klaudiaesgyuszieskuvoje.hu\/wp-content\/uploads\/2025\/05\/kajatal.jpg 832w, https:\/\/www.klaudiaesgyuszieskuvoje.hu\/wp-content\/uploads\/2025\/05\/kajatal-300x295.jpg 300w, https:\/\/www.klaudiaesgyuszieskuvoje.hu\/wp-content\/uploads\/2025\/05\/kajatal-768x755.jpg 768w\" sizes=\"auto, (max-width: 832px) 100vw, 832px\" \/><\/figure><div class=\"wp-block-media-text__content\">\n<h1 class=\"wp-block-heading has-text-align-center\">Men\u00fc<\/h1>\n<\/div><\/div>\n\n\n\n<h3 class=\"wp-block-heading\">Vend\u00e9gv\u00e1r\u00f3 falatok: <\/h3>\n\n\n\n<ul class=\"wp-block-list\">\n<li>F\u00fcst\u00f6lt erdei kolb\u00e1szok <\/li>\n<\/ul>\n\n\n\n<ul class=\"wp-block-list\">\n<li>Szarvas terrine \u00e1fony\u00e1val  <\/li>\n<\/ul>\n\n\n\n<ul class=\"wp-block-list\">\n<li>Vadny\u00fal rilette <\/li>\n<\/ul>\n\n\n\n<ul class=\"wp-block-list\">\n<li>\u0150z carpaccio szederzsel\u00e9vel <\/li>\n<\/ul>\n\n\n\n<ul class=\"wp-block-list\">\n<li>Szarvassonka friss gy\u00fcm\u00f6lcs\u00f6kkel  <\/li>\n<\/ul>\n\n\n\n<ul class=\"wp-block-list\">\n<li>\u00c9desburgony\u00e1s gofri m\u00e1jp\u00e1st\u00e9tommal\/kr\u00e9mes kecskesajttal karamelliz\u00e1lt levendul\u00e1s f\u00fcg\u00e9vel <\/li>\n<\/ul>\n\n\n\n<ul class=\"wp-block-list\">\n<li>Mozaik a vadak hangj\u00e1b\u00f3l<\/li>\n<\/ul>\n\n\n\n<ul class=\"wp-block-list\">\n<li>Tat\u00e1rdeersteak<\/li>\n<\/ul>\n\n\n\n<ul class=\"wp-block-list\">\n<li>F\u00fcst\u00f6lt libam\u00e1j zs\u00edrgy\u00f6ngy\u00f6kkel \u00e9s lilahagymakavi\u00e1rral <\/li>\n<\/ul>\n\n\n\n<h3 class=\"wp-block-heading\">Leves:<\/h3>\n\n\n\n<ul class=\"wp-block-list\">\n<li>Vadmad\u00e1r eszencia vadraviol\u00f3val, f\u00fcrjtoj\u00e1ssal <\/li>\n<\/ul>\n\n\n\n<h3 class=\"wp-block-heading\">F\u0151\u00e9telek: <\/h3>\n\n\n\n<ul class=\"wp-block-list\">\n<li>Libam\u00e1jjal \u00e9s tokaji k\u00f6rt\u00e9vel t\u00f6lt\u00f6tt szalonka<\/li>\n\n\n\n<li>Sous-vide-olt f\u00e1c\u00e1n mell <\/li>\n\n\n\n<li>Konfit\u00e1lt r\u00e9cecomb<\/li>\n\n\n\n<li>Konfit\u00e1lt vadcs\u00fcl\u00f6k <\/li>\n\n\n\n<li>Muflon gerinc rozmaringos bund\u00e1ban <\/li>\n\n\n\n<li>Vadszelet vas\u00e1rnapi m\u00f3dra <\/li>\n\n\n\n<li>R\u00f3zsasz\u00ednre s\u00fct\u00f6tt h\u00e1tsz\u00edn <\/li>\n<\/ul>\n\n\n\n<h3 class=\"wp-block-heading\">K\u00f6retek:<\/h3>\n\n\n\n<ul class=\"wp-block-list\">\n<li>Olvasztott camambert szarvasgomb\u00e1val<\/li>\n\n\n\n<li>H\u00e9j\u00e1ban s\u00fclt par\u00e1zsburgonya<\/li>\n\n\n\n<li>Geszteny\u00e9s arancini<\/li>\n\n\n\n<li>Damaszkuszi burgonya<\/li>\n\n\n\n<li>K\u00e9ksajtos polenta <\/li>\n<\/ul>\n\n\n\n<h3 class=\"wp-block-heading\">Savany\u00fas\u00e1gok: <\/h3>\n\n\n\n<ul class=\"wp-block-list\">\n<li>Vegyes csalam\u00e1d\u00e9<\/li>\n\n\n\n<li>Uborkasal\u00e1ta fokhagym\u00e1s tejf\u00f6lhabbal<\/li>\n\n\n\n<li>Paradicsomsal\u00e1ta<\/li>\n\n\n\n<li>Savany\u00edtott g\u00f6r\u00f6gdinnyeh\u00e9j<\/li>\n\n\n\n<li>Rukkola sal\u00e1ta gr\u00e1n\u00e1talm\u00e1val \u00e9s quino\u00e1val <\/li>\n<\/ul>\n\n\n\n<h3 class=\"wp-block-heading\">\u00c9jf\u00e9li kaja:<\/h3>\n\n\n\n<ul class=\"wp-block-list\">\n<li>Ropog\u00f3sra s\u00fct\u00f6tt kolb\u00e1szok<\/li>\n\n\n\n<li>Osso bucco vadpite<\/li>\n\n\n\n<li>T\u00f6lt\u00f6tt k\u00e1poszta z\u00f6ldf\u0171szeres habcs\u00f3kkal<\/li>\n<\/ul>\n\n\n\n<h1 class=\"wp-block-heading has-text-align-center\">S\u00e9fek<\/h1>\n\n\n\n<div class=\"wp-block-media-text is-stacked-on-mobile\" style=\"grid-template-columns:29% auto\"><figure class=\"wp-block-media-text__media\"><img loading=\"lazy\" decoding=\"async\" width=\"275\" height=\"273\" src=\"https:\/\/www.klaudiaesgyuszieskuvoje.hu\/wp-content\/uploads\/2025\/05\/veroczki_cut.jpg\" alt=\"\" class=\"wp-image-150 size-full\" srcset=\"https:\/\/www.klaudiaesgyuszieskuvoje.hu\/wp-content\/uploads\/2025\/05\/veroczki_cut.jpg 275w, https:\/\/www.klaudiaesgyuszieskuvoje.hu\/wp-content\/uploads\/2025\/05\/veroczki_cut-150x150.jpg 150w\" sizes=\"auto, (max-width: 275px) 100vw, 275px\" \/><\/figure><div class=\"wp-block-media-text__content\">\n<p class=\"has-text-align-center\">Ver\u00f3czki \u00c1d\u00e1m Chef Oxo Tower \u00e9tterem, London.<\/p>\n\n\n\n<p class=\"has-text-align-center\"> 2002 \u00f3ta dolgozik a gasztron\u00f3mia ter\u00fclet\u00e9n, 2010 \u00f3ta vad\u00e1szk\u00e9nt vad\u00e9telekre specializ\u00e1l\u00f3dva k\u00fcl\u00f6nleges \u00e9s izgalmas \u00edzvil\u00e1g\u00fa, fantasztikus \u00f6tletekkel tark\u00edtott \u00e9telk\u00f6ltem\u00e9nyek specialist\u00e1ja.<\/p>\n<\/div><\/div>\n\n\n\n<div class=\"wp-block-media-text has-media-on-the-right is-stacked-on-mobile\" style=\"grid-template-columns:auto 22%\"><div class=\"wp-block-media-text__content\">\n<p class=\"has-text-align-center\">R\u00e1cz Lajos, az M5 t\u00e9v\u00e9csatorna &#8222;Erdei utakon Reviczky G\u00e1borral&#8221; c\u00edm\u0171 m\u0171sor m\u0171sorvezet\u0151je \u00e9s executive s\u00e9fje.<\/p>\n<\/div><figure class=\"wp-block-media-text__media\"><img loading=\"lazy\" decoding=\"async\" width=\"683\" height=\"1024\" src=\"https:\/\/www.klaudiaesgyuszieskuvoje.hu\/wp-content\/uploads\/2025\/05\/lajos-683x1024.jpg\" alt=\"\" class=\"wp-image-41 size-full\" srcset=\"https:\/\/www.klaudiaesgyuszieskuvoje.hu\/wp-content\/uploads\/2025\/05\/lajos-683x1024.jpg 683w, https:\/\/www.klaudiaesgyuszieskuvoje.hu\/wp-content\/uploads\/2025\/05\/lajos-200x300.jpg 200w, https:\/\/www.klaudiaesgyuszieskuvoje.hu\/wp-content\/uploads\/2025\/05\/lajos-768x1152.jpg 768w, https:\/\/www.klaudiaesgyuszieskuvoje.hu\/wp-content\/uploads\/2025\/05\/lajos-1024x1536.jpg 1024w, https:\/\/www.klaudiaesgyuszieskuvoje.hu\/wp-content\/uploads\/2025\/05\/lajos.jpg 1365w\" sizes=\"auto, (max-width: 683px) 100vw, 683px\" \/><\/figure><\/div>\n<\/div>\n<\/div>\n\n\n\n<div class=\"wp-block-columns alignfull is-style-section-2 is-layout-flex wp-container-core-columns-is-layout-d9884270 wp-block-columns-is-layout-flex is-style-section-2--1\" style=\"padding-top:0;padding-bottom:0\">\n<div class=\"wp-block-column is-layout-flow wp-block-column-is-layout-flow\" style=\"flex-basis:50%\"><\/div>\n\n\n\n<div class=\"wp-block-column is-layout-flow wp-block-column-is-layout-flow\" style=\"flex-basis:50%\"><\/div>\n<\/div>\n<\/div>\n","protected":false},"excerpt":{"rendered":"<p>Az \u00edzletes \u00e9s k\u00fcl\u00f6nleges vad\u00e9telek elk\u00e9sz\u00edt\u00e9s\u00e9t s\u00e9fek \u00e9s mesterszak\u00e1csok v\u00e9gzik. Men\u00fc Vend\u00e9gv\u00e1r\u00f3 falatok: Leves: F\u0151\u00e9telek: K\u00f6retek: Savany\u00fas\u00e1gok: \u00c9jf\u00e9li kaja: S\u00e9fek Ver\u00f3czki \u00c1d\u00e1m Chef Oxo Tower \u00e9tterem, London. 2002 \u00f3ta dolgozik a gasztron\u00f3mia ter\u00fclet\u00e9n, 2010 \u00f3ta vad\u00e1szk\u00e9nt vad\u00e9telekre specializ\u00e1l\u00f3dva k\u00fcl\u00f6nleges \u00e9s izgalmas \u00edzvil\u00e1g\u00fa, fantasztikus \u00f6tletekkel tark\u00edtott \u00e9telk\u00f6ltem\u00e9nyek specialist\u00e1ja. R\u00e1cz Lajos, az M5 t\u00e9v\u00e9csatorna &#8222;Erdei utakon Reviczky [&hellip;]<\/p>\n","protected":false},"author":1,"featured_media":0,"parent":0,"menu_order":0,"comment_status":"closed","ping_status":"closed","template":"","meta":{"footnotes":""},"class_list":["post-82","page","type-page","status-publish","hentry"],"_links":{"self":[{"href":"https:\/\/www.klaudiaesgyuszieskuvoje.hu\/index.php\/wp-json\/wp\/v2\/pages\/82","targetHints":{"allow":["GET"]}}],"collection":[{"href":"https:\/\/www.klaudiaesgyuszieskuvoje.hu\/index.php\/wp-json\/wp\/v2\/pages"}],"about":[{"href":"https:\/\/www.klaudiaesgyuszieskuvoje.hu\/index.php\/wp-json\/wp\/v2\/types\/page"}],"author":[{"embeddable":true,"href":"https:\/\/www.klaudiaesgyuszieskuvoje.hu\/index.php\/wp-json\/wp\/v2\/users\/1"}],"replies":[{"embeddable":true,"href":"https:\/\/www.klaudiaesgyuszieskuvoje.hu\/index.php\/wp-json\/wp\/v2\/comments?post=82"}],"version-history":[{"count":16,"href":"https:\/\/www.klaudiaesgyuszieskuvoje.hu\/index.php\/wp-json\/wp\/v2\/pages\/82\/revisions"}],"predecessor-version":[{"id":152,"href":"https:\/\/www.klaudiaesgyuszieskuvoje.hu\/index.php\/wp-json\/wp\/v2\/pages\/82\/revisions\/152"}],"wp:attachment":[{"href":"https:\/\/www.klaudiaesgyuszieskuvoje.hu\/index.php\/wp-json\/wp\/v2\/media?parent=82"}],"curies":[{"name":"wp","href":"https:\/\/api.w.org\/{rel}","templated":true}]}}

Séfek és menü

<div class="wp-block-group alignfull is-layout-flow wp-container-core-group-is-layout-f9cb6abc wp-block-group-is-layout-flow" style="margin-top:0;margin-bottom:0">
<p class="has-text-align-center">Az ízletes és különleges vadételek elkészítését séfek és mesterszakácsok végzik.</p>



<div class="wp-block-columns alignfull is-not-stacked-on-mobile is-layout-flex wp-container-core-columns-is-layout-e154fb6a wp-block-columns-is-layout-flex" style="margin-top:0;margin-bottom:0;padding-top:var(--wp--preset--spacing--40);padding-right:var(--wp--preset--spacing--40);padding-bottom:var(--wp--preset--spacing--80);padding-left:var(--wp--preset--spacing--40)">
<div class="wp-block-column is-layout-flow wp-block-column-is-layout-flow">
<div class="wp-block-media-text is-stacked-on-mobile" style="grid-template-columns:20% auto"><figure class="wp-block-media-text__media"><img loading="lazy" decoding="async" width="832" height="818" src="https://www.klaudiaesgyuszieskuvoje.hu/wp-content/uploads/2025/05/kajatal.jpg" alt="" class="wp-image-39 size-full" srcset="https://www.klaudiaesgyuszieskuvoje.hu/wp-content/uploads/2025/05/kajatal.jpg 832w, https://www.klaudiaesgyuszieskuvoje.hu/wp-content/uploads/2025/05/kajatal-300x295.jpg 300w, https://www.klaudiaesgyuszieskuvoje.hu/wp-content/uploads/2025/05/kajatal-768x755.jpg 768w" sizes="auto, (max-width: 832px) 100vw, 832px" /></figure><div class="wp-block-media-text__content">
<h1 class="wp-block-heading has-text-align-center">Menü</h1>
</div></div>



<h3 class="wp-block-heading">Vendégváró falatok: </h3>



<ul class="wp-block-list">
<li>Füstölt erdei kolbászok </li>
</ul>



<ul class="wp-block-list">
<li>Szarvas terrine áfonyával  </li>
</ul>



<ul class="wp-block-list">
<li>Vadnyúl rilette </li>
</ul>



<ul class="wp-block-list">
<li>Őz carpaccio szederzselével </li>
</ul>



<ul class="wp-block-list">
<li>Szarvassonka friss gyümölcsökkel  </li>
</ul>



<ul class="wp-block-list">
<li>Édesburgonyás gofri májpástétommal/krémes kecskesajttal karamellizált levendulás fügével </li>
</ul>



<ul class="wp-block-list">
<li>Mozaik a vadak hangjából</li>
</ul>



<ul class="wp-block-list">
<li>Tatárdeersteak</li>
</ul>



<ul class="wp-block-list">
<li>Füstölt libamáj zsírgyöngyökkel és lilahagymakaviárral </li>
</ul>



<h3 class="wp-block-heading">Leves:</h3>



<ul class="wp-block-list">
<li>Vadmadár eszencia vadraviolóval, fürjtojással </li>
</ul>



<h3 class="wp-block-heading">Főételek: </h3>



<ul class="wp-block-list">
<li>Libamájjal és tokaji körtével töltött szalonka</li>



<li>Sous-vide-olt fácán mell </li>



<li>Konfitált récecomb</li>



<li>Konfitált vadcsülök </li>



<li>Muflon gerinc rozmaringos bundában </li>



<li>Vadszelet vasárnapi módra </li>



<li>Rózsaszínre sütött hátszín </li>
</ul>



<h3 class="wp-block-heading">Köretek:</h3>



<ul class="wp-block-list">
<li>Olvasztott camambert szarvasgombával</li>



<li>Héjában sült parázsburgonya</li>



<li>Gesztenyés arancini</li>



<li>Damaszkuszi burgonya</li>



<li>Kéksajtos polenta </li>
</ul>



<h3 class="wp-block-heading">Savanyúságok: </h3>



<ul class="wp-block-list">
<li>Vegyes csalamádé</li>



<li>Uborkasaláta fokhagymás tejfölhabbal</li>



<li>Paradicsomsaláta</li>



<li>Savanyított görögdinnyehéj</li>



<li>Rukkola saláta gránátalmával és quinoával </li>
</ul>



<h3 class="wp-block-heading">Éjféli kaja:</h3>



<ul class="wp-block-list">
<li>Ropogósra sütött kolbászok</li>



<li>Osso bucco vadpite</li>



<li>Töltött káposzta zöldfűszeres habcsókkal</li>
</ul>



<h1 class="wp-block-heading has-text-align-center">Séfek</h1>



<div class="wp-block-media-text is-stacked-on-mobile" style="grid-template-columns:29% auto"><figure class="wp-block-media-text__media"><img loading="lazy" decoding="async" width="275" height="273" src="https://www.klaudiaesgyuszieskuvoje.hu/wp-content/uploads/2025/05/veroczki_cut.jpg" alt="" class="wp-image-150 size-full" srcset="https://www.klaudiaesgyuszieskuvoje.hu/wp-content/uploads/2025/05/veroczki_cut.jpg 275w, https://www.klaudiaesgyuszieskuvoje.hu/wp-content/uploads/2025/05/veroczki_cut-150x150.jpg 150w" sizes="auto, (max-width: 275px) 100vw, 275px" /></figure><div class="wp-block-media-text__content">
<p class="has-text-align-center">Veróczki Ádám Chef Oxo Tower étterem, London.</p>



<p class="has-text-align-center"> 2002 óta dolgozik a gasztronómia területén, 2010 óta vadászként vadételekre specializálódva különleges és izgalmas ízvilágú, fantasztikus ötletekkel tarkított ételköltemények specialistája.</p>
</div></div>



<div class="wp-block-media-text has-media-on-the-right is-stacked-on-mobile" style="grid-template-columns:auto 22%"><div class="wp-block-media-text__content">
<p class="has-text-align-center">Rácz Lajos, az M5 tévécsatorna &#8222;Erdei utakon Reviczky Gáborral&#8221; című műsor műsorvezetője és executive séfje.</p>
</div><figure class="wp-block-media-text__media"><img loading="lazy" decoding="async" width="683" height="1024" src="https://www.klaudiaesgyuszieskuvoje.hu/wp-content/uploads/2025/05/lajos-683x1024.jpg" alt="" class="wp-image-41 size-full" srcset="https://www.klaudiaesgyuszieskuvoje.hu/wp-content/uploads/2025/05/lajos-683x1024.jpg 683w, https://www.klaudiaesgyuszieskuvoje.hu/wp-content/uploads/2025/05/lajos-200x300.jpg 200w, https://www.klaudiaesgyuszieskuvoje.hu/wp-content/uploads/2025/05/lajos-768x1152.jpg 768w, https://www.klaudiaesgyuszieskuvoje.hu/wp-content/uploads/2025/05/lajos-1024x1536.jpg 1024w, https://www.klaudiaesgyuszieskuvoje.hu/wp-content/uploads/2025/05/lajos.jpg 1365w" sizes="auto, (max-width: 683px) 100vw, 683px" /></figure></div>
</div>
</div>



<div class="wp-block-columns alignfull is-style-section-2 is-layout-flex wp-container-core-columns-is-layout-d9884270 wp-block-columns-is-layout-flex is-style-section-2--1" style="padding-top:0;padding-bottom:0">
<div class="wp-block-column is-layout-flow wp-block-column-is-layout-flow" style="flex-basis:50%"></div>



<div class="wp-block-column is-layout-flow wp-block-column-is-layout-flow" style="flex-basis:50%"></div>
</div>
</div>

<p>Az ízletes és különleges vadételek elkészítését séfek és mesterszakácsok végzik. Menü Vendégváró falatok: Leves: Főételek: Köretek: Savanyúságok: Éjféli kaja: Séfek Veróczki Ádám Chef Oxo Tower étterem, London. 2002 óta dolgozik a gasztronómia területén, 2010 óta vadászként vadételekre specializálódva különleges és izgalmas ízvilágú, fantasztikus ötletekkel tarkított ételköltemények specialistája. Rácz Lajos, az M5 tévécsatorna &#8222;Erdei utakon Reviczky [&hellip;]</p>
